{"id":158,"date":"2024-10-17T11:23:18","date_gmt":"2024-10-17T09:23:18","guid":{"rendered":"https:\/\/www.zapimyu.zapiserv.fr\/zap\/wordpress\/?page_id=158"},"modified":"2024-10-20T20:10:58","modified_gmt":"2024-10-20T18:10:58","slug":"habitants","status":"publish","type":"page","link":"https:\/\/www.zapimyu.zapiserv.fr\/zap\/wordpress\/habitants\/","title":{"rendered":"habitants"},"content":{"rendered":"\n<h2 class=\"wp-block-heading has-text-align-center has-text-color has-background has-link-color has-body-font-family has-large-font-size wp-elements-8d3a4733ff7e6ee349159eb13e81a1b4\" style=\"color:#e6dac5;background-color:#212121\"><strong>Les Habitants du Serveur<\/strong><\/h2>\n\n\n\n<div class=\"wp-block-media-text is-stacked-on-mobile\"><figure class=\"wp-block-media-text__media\"><img loading=\"lazy\" decoding=\"async\" width=\"276\" height=\"368\" src=\"https:\/\/www.zapimyu.zapiserv.fr\/zap\/wordpress\/wp-content\/uploads\/2024\/10\/telechargement-6.png\" alt=\"\" class=\"wp-image-168 size-full\" srcset=\"https:\/\/www.zapimyu.zapiserv.fr\/zap\/wordpress\/wp-content\/uploads\/2024\/10\/telechargement-6.png 276w, https:\/\/www.zapimyu.zapiserv.fr\/zap\/wordpress\/wp-content\/uploads\/2024\/10\/telechargement-6-225x300.png 225w\" sizes=\"auto, (max-width: 276px) 100vw, 276px\" \/><\/figure><div class=\"wp-block-media-text__content\">\n<p class=\"has-text-color has-background has-link-color wp-elements-e8a66509bb03d069cba4ee4b32c1849f\" style=\"color:#e6dac5;background-color:#212121\"><strong>KiminataUwU<\/strong><br><br>Un petit canard cubique avec un potentiel de build immense, il peut vous faire un village \u00e0 lui tout seul.<\/p>\n<\/div><\/div>\n\n\n\n<div class=\"wp-block-media-text has-media-on-the-right is-stacked-on-mobile\"><div class=\"wp-block-media-text__content\">\n<p class=\"has-text-color has-background has-link-color wp-elements-122260dc6f44068643478caf5b7fe253\" style=\"color:#e6dac5;background-color:#212121\"><strong>Nimajel<\/strong><br><br>Joueur des premi\u00e8res version, il saura vous faire de magnifiques abris de formes vari\u00e9es \u00e0 base de cobble.<\/p>\n<\/div><figure class=\"wp-block-media-text__media\"><img loading=\"lazy\" decoding=\"async\" width=\"276\" height=\"368\" src=\"https:\/\/www.zapimyu.zapiserv.fr\/zap\/wordpress\/wp-content\/uploads\/2024\/10\/telechargement-8.png\" alt=\"\" class=\"wp-image-166 size-full\" srcset=\"https:\/\/www.zapimyu.zapiserv.fr\/zap\/wordpress\/wp-content\/uploads\/2024\/10\/telechargement-8.png 276w, https:\/\/www.zapimyu.zapiserv.fr\/zap\/wordpress\/wp-content\/uploads\/2024\/10\/telechargement-8-225x300.png 225w\" sizes=\"auto, (max-width: 276px) 100vw, 276px\" \/><\/figure><\/div>\n\n\n\n<div class=\"wp-block-media-text is-stacked-on-mobile\"><figure class=\"wp-block-media-text__media\"><img loading=\"lazy\" decoding=\"async\" width=\"276\" height=\"368\" src=\"https:\/\/www.zapimyu.zapiserv.fr\/zap\/wordpress\/wp-content\/uploads\/2024\/10\/telechargement-14-1.png\" alt=\"\" class=\"wp-image-171 size-full\" srcset=\"https:\/\/www.zapimyu.zapiserv.fr\/zap\/wordpress\/wp-content\/uploads\/2024\/10\/telechargement-14-1.png 276w, https:\/\/www.zapimyu.zapiserv.fr\/zap\/wordpress\/wp-content\/uploads\/2024\/10\/telechargement-14-1-225x300.png 225w\" sizes=\"auto, (max-width: 276px) 100vw, 276px\" \/><\/figure><div class=\"wp-block-media-text__content\">\n<p class=\"has-text-color has-background has-link-color wp-elements-5ce526b3b38a652699b98d2d536a454f\" style=\"color:#e6dac5;background-color:#212121\"><strong>Dragonora<\/strong><br><br>Zoologiste de renom, rebelle de la saison 1, si vous le cherchez il sera dans l&rsquo;attraction phare de la vieille ville, le moulin rose (1 diamant seulement l&rsquo;entr\u00e9e).<\/p>\n<\/div><\/div>\n\n\n\n<div class=\"wp-block-media-text has-media-on-the-right is-stacked-on-mobile\"><div class=\"wp-block-media-text__content\">\n<p class=\"has-text-color has-background has-link-color wp-elements-08c8f829451b34cd6f5d01dddce0a24e\" style=\"color:#e6dac5;background-color:#212121\"><strong>Spydant<\/strong><br><br>Le second rebelle de la saison 1, ne sais jamais vraiment ce qu&rsquo;il veut faire pour apporter sa participation au village mais est toujours partant pour aider.<\/p>\n<\/div><figure class=\"wp-block-media-text__media\"><img loading=\"lazy\" decoding=\"async\" width=\"276\" height=\"368\" src=\"https:\/\/www.zapimyu.zapiserv.fr\/zap\/wordpress\/wp-content\/uploads\/2024\/10\/telechargement-17.png\" alt=\"\" class=\"wp-image-172 size-full\" srcset=\"https:\/\/www.zapimyu.zapiserv.fr\/zap\/wordpress\/wp-content\/uploads\/2024\/10\/telechargement-17.png 276w, https:\/\/www.zapimyu.zapiserv.fr\/zap\/wordpress\/wp-content\/uploads\/2024\/10\/telechargement-17-225x300.png 225w\" sizes=\"auto, (max-width: 276px) 100vw, 276px\" \/><\/figure><\/div>\n\n\n\n<div class=\"wp-block-media-text is-stacked-on-mobile\"><figure class=\"wp-block-media-text__media\"><img loading=\"lazy\" decoding=\"async\" width=\"276\" height=\"368\" src=\"https:\/\/www.zapimyu.zapiserv.fr\/zap\/wordpress\/wp-content\/uploads\/2024\/10\/telechargemexxnt-10.png\" alt=\"\" class=\"wp-image-175 size-full\" srcset=\"https:\/\/www.zapimyu.zapiserv.fr\/zap\/wordpress\/wp-content\/uploads\/2024\/10\/telechargemexxnt-10.png 276w, https:\/\/www.zapimyu.zapiserv.fr\/zap\/wordpress\/wp-content\/uploads\/2024\/10\/telechargemexxnt-10-225x300.png 225w\" sizes=\"auto, (max-width: 276px) 100vw, 276px\" \/><\/figure><div class=\"wp-block-media-text__content\">\n<p class=\"has-text-color has-background has-link-color wp-elements-896a914160d56b171506903c3ddf631a\" style=\"color:#e6dac5;background-color:#212121\"><strong>Luxorys &amp; Lamina__<\/strong><br><br>Les amoureux du serveur, tandis que Lamina__ est plus sur le build, Luxorys va plus sur de l&rsquo;exploration, mais ils ne restent jamais s\u00e9par\u00e9s bien longtemps.<\/p>\n<\/div><\/div>\n\n\n\n<div class=\"wp-block-media-text has-media-on-the-right is-stacked-on-mobile\"><div class=\"wp-block-media-text__content\">\n<p class=\"has-text-color has-background has-link-color wp-elements-a065de9c2f6906dc4487b6ea224f3d67\" style=\"color:#e6dac5;background-color:#212121\"><strong>Zapimyu<\/strong><br><br>Toujours volontaire pour aider les autres, il a du mal a se lancer dans ses propres projets, parfois certains \u00e9lans de motivations, mais \u00e7a va jamais vraiment au bout&#8230; Voyez le trou qu&rsquo;il a fait pr\u00e8s de sa maison&#8230;<\/p>\n<\/div><figure class=\"wp-block-media-text__media\"><img loading=\"lazy\" decoding=\"async\" width=\"276\" height=\"368\" src=\"https:\/\/www.zapimyu.zapiserv.fr\/zap\/wordpress\/wp-content\/uploads\/2024\/10\/telechargement-18.png\" alt=\"\" class=\"wp-image-176 size-full\" srcset=\"https:\/\/www.zapimyu.zapiserv.fr\/zap\/wordpress\/wp-content\/uploads\/2024\/10\/telechargement-18.png 276w, https:\/\/www.zapimyu.zapiserv.fr\/zap\/wordpress\/wp-content\/uploads\/2024\/10\/telechargement-18-225x300.png 225w\" sizes=\"auto, (max-width: 276px) 100vw, 276px\" \/><\/figure><\/div>\n","protected":false},"excerpt":{"rendered":"<p>Les Habitants du Serveur KiminataUwU Un petit canard cubique avec un potentiel de build immense, il peut vous faire un village \u00e0 lui tout seul. Nimajel Joueur des premi\u00e8res version, il saura vous faire de magnifiques abris de formes vari\u00e9es \u00e0 base de cobble. Dragonora Zoologiste de renom, rebelle de la saison 1, si vous [&hellip;]<\/p>\n","protected":false},"author":1,"featured_media":0,"parent":0,"menu_order":0,"comment_status":"closed","ping_status":"closed","template":"page-no-title","meta":{"footnotes":""},"class_list":["post-158","page","type-page","status-publish","hentry"],"_links":{"self":[{"href":"https:\/\/www.zapimyu.zapiserv.fr\/zap\/wordpress\/wp-json\/wp\/v2\/pages\/158","targetHints":{"allow":["GET"]}}],"collection":[{"href":"https:\/\/www.zapimyu.zapiserv.fr\/zap\/wordpress\/wp-json\/wp\/v2\/pages"}],"about":[{"href":"https:\/\/www.zapimyu.zapiserv.fr\/zap\/wordpress\/wp-json\/wp\/v2\/types\/page"}],"author":[{"embeddable":true,"href":"https:\/\/www.zapimyu.zapiserv.fr\/zap\/wordpress\/wp-json\/wp\/v2\/users\/1"}],"replies":[{"embeddable":true,"href":"https:\/\/www.zapimyu.zapiserv.fr\/zap\/wordpress\/wp-json\/wp\/v2\/comments?post=158"}],"version-history":[{"count":6,"href":"https:\/\/www.zapimyu.zapiserv.fr\/zap\/wordpress\/wp-json\/wp\/v2\/pages\/158\/revisions"}],"predecessor-version":[{"id":187,"href":"https:\/\/www.zapimyu.zapiserv.fr\/zap\/wordpress\/wp-json\/wp\/v2\/pages\/158\/revisions\/187"}],"wp:attachment":[{"href":"https:\/\/www.zapimyu.zapiserv.fr\/zap\/wordpress\/wp-json\/wp\/v2\/media?parent=158"}],"curies":[{"name":"wp","href":"https:\/\/api.w.org\/{rel}","templated":true}]}}